 c be v(12). Suppose -10*s + 2*s + 8696 = c. Is s a composite number?
False
Is (-2*(-14584)/(-112))/((-2)/14) a composite number?
False
Suppose -16*p + 59595 + 79909 = 0. Is p composite?
False
Let r = -349 - -522. Suppose -t - 3*v = -59, -3*v - 86 = -5*t + r. Is t a prime number?
True
Let y be 32*1*(-2)/4. Suppose 3*k - 102 = -3*u, 5*u - k = 3*k + 179. Let i = y + u. Is i a prime number?
True
Suppose 20*h - 225270 = -10*h. Is h a prime number?
False
Let n(d) = d**2 + d + 3. Let z be n(0). Is (-807)/((-3 + 0)/z) a prime number?
False
Let i(n) = -n**2 + 14*n - 16. Let d be i(12). Suppose -2*g - 4*f = d + 4, 0 = 2*g - 4*f + 12. Is (39/g)/((-2)/52) prime?
False
Let r = 1062 - -7157. Is r a composite number?
False
Let r(l) = l**2 + l - 1. Let z(j) = -16*j**2 + 2*j - 3. Suppose -2*q - i = -7, -3*i - 7 = 4*q - 5*q. Let d(u) = q*r(u) - z(u). Is d(1) composite?
True
Suppose 19*u = 15*u + 10628. Is u composite?
False
Is -1*(-3 + 5 - 2581) a composite number?
False
Let y(d) = -3083*d - 94. Is y(-9) a composite number?
False
Let q(d) be the first derivative of 2*d**3/3 - 2*d**2 + 3*d + 11. Let u be q(2). Is (-1)/((-1)/1208) + u composite?
True
Let g(r) be the first derivative of 4*r**2 + 11*r + 21. Is g(5) a composite number?
True
Suppose -48 = -4*x - 2*q, 5*q - 43 = 3*x - 6*x. Suppose -3*s + 2*s = x. Let j(n) = n**3 + 13*n**2 + 5*n + 4. Is j(s) a prime number?
True
Suppose 30 = -w + 3*w. Suppose 2*b + 230 = -f + 37, 0 = -3*b + w. Is (2 - 2 - 1)*f a prime number?
False
Let q(j) be the second derivative of 25*j**4/12 + 17*j**3/3 - 2*j**2 + 21*j. Is q(-5) composite?
True
Let b = 10 - 6. Suppose -22 = 5*r + b*q + 32, 4*r = 5*q - 35. Is (-23)/(-2 - r/6) composite?
True
Let p(i) = i**3 - 5*i**2 - 6*i + 6. Let h be p(6). Let l(y) = 125*y + 9. Let m be l(8). Suppose -h*t + 1265 = -m. Is t a composite number?
False
Suppose 8*d - 6 = 10. Is (3 - ((-2050 - -4) + d)) + -2 a prime number?
False
Let j = -10 - -8. Let p be 21 + j*(-3)/(-2). Is (-254)/(-3)*p/12 a prime number?
True
Suppose 0 = -2*c + i + 25, 3*c - 8*c = -3*i - 65. Let w be (-1)/(0 - 1) - -2. Let k = c - w. Is k a prime number?
True
Is -3*((-47209)/34)/(1/2) prime?
False
Suppose 33*h = 31*h + 4. Is (1 + 1820/8)*4/h composite?
False
Let o(k) = 44*k**2 + 7*k - 20. Is o(5) composite?
True
Suppose -3*o = -12*o + 29691. Is o a prime number?
True
Let h(w) = 58*w**2 - 3*w - 3. Let t be ((-26)/(-13))/((-2)/(-2)). Is h(t) prime?
True
Let k(s) = -s**3 - 39*s**2 + 111*s - 57. Is k(-47) composite?
True
Let o = 51 - 49. Is (889/14)/(o/4) prime?
True
Suppose -278*q = -275*q - 2661. Is q a composite number?
False
Let h be 2 - 2*1/(-2). Suppose -h*k = 3*a + 356 - 2237, 3*a - 5*k = 1865. Suppose n = -3*n - 8, -a = -5*g - 5*n. Is g a prime number?
True
Let y = -33 + 320. Is y a prime number?
False
Let o be (-4)/4*((2 - -1) + -6). Let f(p) = -p**3 - 6*p**2 + 9*p + 4. Let i be f(-6). Let m = o - i. Is m a prime number?
True
Suppose 0 = 3*a + a + 4. Let x = 4 + a. Suppose 0 = x*g - 8*g + 785. Is g a composite number?
False
Suppose 2*i + 2*i = q + 28, -48 = 5*q + 3*i. Let j be (q/(-18))/(2/369). Suppose j = -0*u + u. Is u a composite number?
True
Let c = -428 + 670. Let m = c - -117. Is m a composite number?
False
Let x(m) = -205*m**3 - 3*m**2 - 7*m + 5. Is x(-4) a prime number?
False
Suppose 5*m - 36165 = 2*j, -9*m + 7221 = -8*m + 2*j. Is m a composite number?
True
Suppose 4*w + a + 4*a + 20 = 0, -3*a = 12. Suppose 3*m - 2539 + 112 = w. Is m composite?
False
Suppose 0 = 3*g - 3*a + 633, 0*a + a - 1047 = 5*g. Let t = g + 1104. Is t a prime number?
False
Let v = 24597 - 15674. Is v a prime number?
True
Suppose -5 = -i, 200980 = 3*l - 4*i + 9*i. Is l a prime number?
False
Suppose -3*i + 0*g = g - 4, -5*i + 2*g + 14 = 0. Let y(m) = 4*m**i + 4*m + m**2 - 3*m**2 + 2 + 1. Is y(-6) composite?
True
Is (-247895)/(-45) - 16/(-72) prime?
False
Let q be (4/(-4) - -6)*(-2)/2. Is (-3387)/q - (-2)/(-5) prime?
True
Suppose 362*i - 22 = 364*i. Let r(o) = -3*o**2 + 11*o + 5. Let x(s) = -5*s**2 + 23*s + 11. Let q(v) = 7*r(v) - 4*x(v). Is q(i) a prime number?
False
Let c = 114 + -121. Let s(l) = -2*l**3 - 3*l**2 + 13*l + 9. Is s(c) prime?
True
Let f = 3 - -2. Suppose -202 = f*m - 3*g - 846, 4*m + g - 505 = 0. Is m composite?
False
Let v = -5 + 2. Let p be 2 + -1 + v - -4. Suppose p*a - a = 317. Is a a composite number?
False
Suppose -c + 6 = 2. Suppose c*q - 30 = 678. Is q composite?
True
Let a(r) = 190*r - 22. Let h be a(5). Let f = h + -97. Is f a prime number?
False
Let b(o) = 386*o**2 - 5*o - 15. Is b(-6) composite?
True
Suppose 3*y + 12 = 0, -4*j - 13*y + 1696 = -18*y. Is j a prime number?
True
Suppose -x = 3*l + 4*x - 34524, -3*x = 5*l - 57556. Is l a prime number?
False
Let v(n) = 2*n**2 + 3*n - 8. Let s be v(-7). Let i = 838 - s. Is i composite?
False
Let z(q) = -187*q**3 + q**2 + 2*q + 1. Let s(k) = -2*k + 6. Let j be s(-9). Let h = j - 25. Is z(h) composite?
True
Let a = 36 + -109. Let h = a + 177. Suppose -4*m = -h - 636. Is m prime?
False
Let z = -1321 + 5166. Is z a prime number?
False
Let c(f) = 15*f**2 - 7. Let l be c(-8). Suppose t + l = 2*t. Is t a prime number?
True
Suppose -107*y = -108*y + 17635. Is y a composite number?
True
Let g = -12010 + 16941. Is g a composite number?
False
Let u(y) = 3 - y**3 + 9*y**3 - 4 + 3*y - 2*y**3. Is u(2) composite?
False
Suppose 3 + 6 = -3*l. Let j = 75 + -75. Is (j - -3)/(l/(-53)) composite?
False
Let d(z) = -5 - 22*z - 88*z + 5*z. Is d(-4) prime?
False
Let l(i) be the second derivative of 11*i**4/6 - i**3/2 + 5*i**2/2 + 12*i. Is l(2) composite?
True
Suppose 4*f = 1892 + 1656. Is f a composite number?
False
Let l = -89 - -95. Suppose -l*c - 2959 = -7*c. Is c prime?
False
Suppose -2*a = 4*s - 47778 + 8672, 0 = 4*a + 2*s - 78212. Is a composite?
False
Let c be ((-6)/4)/((-21)/28). Suppose 0 = -c*o + 1177 + 645. Is o a prime number?
True
Let l = 135777 - 92800. Is l a composite number?
True
Let h = -594 - -1083. Let j be 35/((-4)/(-8)*2). Suppose j = 4*w - h. Is w a prime number?
True
Let b(l) = 67*l**2 - 5*l + 4. Let w be b(3). Let f = w - 341. Is f composite?
False
Let w = -27678 - -41801. Is w a composite number?
True
Suppose -4*b - y = -446289, -b - 27*y + 111591 = -23*y. Is b a prime number?
False
Suppose -3*g + 7*y = 10*y - 31032, -g + 5*y + 10362 = 0. Is g a composite number?
True
Is (0 + -2)*(7 - 138537/14) composite?
False
Let h(f) = 32*f**3 + 5*f**2 - 16*f + 8. Is h(9) prime?
False
Suppose -7004 = -2*o + 10*p - 9*p, 6 = 3*p. Is o composite?
True
Let i = 8421 - 2798. Is i prime?
True
Is (-54 + -13965)*(-2 - 5/(-3)) a prime number?
True
Let t = -8 + 8. Suppose -3*l + w = -0*l, -w = t. Suppose 3*x - 2*x - 51 = l. Is x a composite number?
True
Suppose 2*k + 8 = 0, -4*d + 4500 = -4*k - 12836. Is 2/(-16)*-4*d a prime number?
False
Let u(j) = 3*j**3 - 6*j**2 + 32*j - 22. Is u(15) composite?
True
Let m(f) be the second derivative of -5/2*f**2 + 0 + 6*f + 1/6*f**4 - 17/6*f**3. Is m(12) a prime number?
True
Suppose 4*h = 3*h - 5*u + 211, 0 = 3*h - u - 553. Let r = h + -129. Suppose 3*c + r = 3*o - 0*c, -76 = -4*o - 2*c. Is o composite?
False
Let l = 95 - -218. Let c = l + -222. Is c prime?
False
Let i(u) = -254*u + 163. Is i(-24) a composite number?
True
Let y = 1835 - -498. Suppose -2*d + y = -785. Is d prime?
True
Is (1 + 5/5)*(-4406)/(-4) a prime number?
True
Let o(x) be the first derivative of 4 + 2*x**2 + 2/3*x**3 - 6*x + 3/4*x**4. Is o(5) a prime number?
True
Let r(u) = -u**3 + 3*u**2 + 4. Let g be r(3). Suppose g*b = -1 + 77. Let i = -9 + b. Is i a composite number?
True
Let p = -21 + 41. Is ((-1082)/(-4))/(10/p) composite?
False
Suppose -y = -i - 516 - 606, 5618 = 5*y + 3*i. Is y composite?
False
Suppose 5037 = -8*u + 13957. Is u prime?
False
Suppose -2*o + 10 = 6. Suppose 2*f - 408 = -o*l + 3*l, -f + 3*l = -209. Let w = 292 - f. Is w prime?
True
Suppose 0 = 5*x + 5*r - 8282 - 15483, 3*r + 9506 = 2*x. Suppose -12*m + x = -5*m. Is m a composite number?
True
Let m(k) = 4*k**2 - 29*k - 3. Let d be m(6). Is ((-5880)/d - -1) + (-2)/11 composite?
False
Suppose 19*o + 3 = 20*o. Suppose -o*x - 3716 = -5*p, 5*p - x + 2*x = 3728. Is p composite?
True
Let t(q) = -q**2 + q. Let f be t(1). Let y(l) = 2*l**2 - 25*l - 6. Let c be y(13). Is 0 + 631 + f/c composite?
False
Let a be -1 + 2 + 1836/(2/(-